b(c) = 67*c - 144. Give b(2).
-10
Let z(t) = 3*t**3 + 57*t**2 - 11. Give z(-19).
-11
Let s(j) = j**3 + 7*j**2 - 34*j - 141. Determine s(-4).
43
Let i(o) = -3*o**2 + 52*o - 148. Give i(3).
-19
Let w(s) = s**2 + 26*s + 133. Determine w(-6).
13
Let v(f) = f**3 + 7*f**2 + 4*f - 25. Give v(-9).
-223
Let y(h) = -98*h + 16763. Calculate y(171).
5
Let t(l) = l**3 - 15*l**2 + 53*l + 24. Give t(6).
18
Let a(v) = 2*v**2 - 62*v + 212. What is a(4)?
-4
Let q(a) = 23*a - 254. What is q(5)?
-139
Let k(p) = p**3 + 49*p**2 - 106*p - 129. What is k(-51)?
75
Let q(p) = 17*p + 69. Give q(-5).
-16
Let z(q) = q**2 + 60*q + 427. Give z(-12).
-149
Let t(h) = 9*h - 29. What is t(-8)?
-101
Let m(o) = -20*o**2 - 64*o - 12. Give m(-4).
-76
Let t(j) = 16*j**2 - 178*j - 378. Determine t(13).
12
Let c(b) = -3*b**2 - 56*b + 5381. Calculate c(34).
9
Let h(s) = -s**3 + 24*s**2 + 6*s + 494. Determine h(25).
19
Let w(j) = 22*j**2 + 41*j + 49. Calculate w(-4).
237
Let w(j) = 483*j**2 - 5*j + 115. Give w(0).
115
Let x(g) = -2*g**3 - 200*g**2 - 201*g - 101. Determine x(-99).
196
Let w(y) = y**3 + 3*y**2 + y + 26. Determine w(-5).
-29
Let v(k) = -5*k**2 + 89*k + 24. What is v(18)?
6
Let z(v) = -355*v - 376. What is z(-1)?
-21
Let j(x) = -27*x - 810. Calculate j(-29).
-27
Let t(b) = -b**3 + 68*b**2 - 42*b - 1658. Give t(67).
17
Let t(q) = 31*q + 463. What is t(-15)?
-2
Let m(w) = 14*w**2 - 65*w + 13. Give m(4).
-23
Let n(x) = 154*x + 823. What is n(-5)?
53
Let b(c) = 127*c**2 - 3173*c - 13. Determine b(25).
37
Let f(m) = m**3 + 14*m**2 - 11*m + 55. Calculate f(-15).
-5
Let v(d) = -3*d**3 + 82*d**2 - 108*d + 100. What is v(26)?
-4
Let z(w) = -48*w**2 - 479*w - 45. What is z(-10)?
-55
Let q(j) = -3*j**2 - 41*j - 17. What is q(-6)?
121
Let b(w) = 2*w**2 - 144*w + 10. Determine b(72).
10
Let h(b) = b**3 - 29*b**2 + 39*b + 382. Calculate h(27).
-23
Let x(z) = -z**2 + 29*z + 154. Give x(30).
124
Let c(o) = o**3 + 19*o**2 + 11*o - 25. Determine c(-18).
101
Let z(f) = -585*f + 1763. Determine z(3).
8
Let b(n) = 21*n - 4. Determine b(0).
-4
Let j(g) = 67*g**3 - 5*g**2 - 4*g + 3. Give j(-1).
-65
Let d(r) = -12*r**2 + 2*r + 7. Determine d(4).
-177
Let s(h) = 2*h**3 + 105*h**2 + 77*h + 1172. Give s(-52).
-128
Let f(q) = -5*q + 82. Determine f(7).
47
Let z(f) = -67*f + 1098. Calculate z(16).
26
Let w(x) = 5*x**2 - 5*x + 15. Give w(0).
15
Let r(x) = -68*x + 829. What is r(12)?
13
Let b(c) = c**3 - 13*c**2 + 55*c - 172. Determine b(9).
-1
Let v(w) = 3*w**3 - 69*w**2 + 66*w. Give v(22).
0
Let h(i) = 4*i**3 - 5*i**2 - 22*i + 76. Determine h(4).
164
Let n(m) = 5*m - 365. Determine n(61).
-60
Let i(v) = -490*v - 6866. What is i(-14)?
-6
Let a(s) = -2*s**2 - 17*s + 72. What is a(4)?
-28
Let d(h) = -h**3 - 43*h**2 - 93*h + 3. What is d(-2)?
25
Let b(x) = -x**3 - 12*x**2 - 21*x + 78. Give b(-6).
-12
Let c(i) = 239*i - 247. Give c(5).
948
Let b(w) = -17563*w + 70263. Determine b(4).
11
Let x(v) = 146*v + 1482. What is x(-10)?
22
Let j(u) = u**2 + 738*u + 17838. Determine j(-25).
13
Let q(v) = 715*v + 10044. Calculate q(-14).
34
Let v(h) = 15*h + 572. What is v(-39)?
-13
Let h(m) = 10*m**2 - 10*m - 31. What is h(-3)?
89
Let x(w) = -w**3 - 2*w**2 + 1796*w + 7. Give x(0).
7
Let l(g) = -42*g + 2728. Give l(65).
-2
Let m(s) = -19*s**2 + 171*s + 12. Calculate m(11).
-406
Let l(c) = c**2 + 100*c - 756. Determine l(-107).
-7
Let v(b) = -b**3 - 21*b**2 + 23*b + 261. Give v(-22).
239
Let w(x) = x**3 + 98*x**2 + 2*x + 199. Give w(-98).
3
Let w(o) = 5*o**2 + 11*o + 53. What is w(-3)?
65
Let x(a) = -190*a + 17289. Give x(91).
-1
Let r(n) = 312*n - 11868. What is r(38)?
-12
Let c(w) = 7386*w + 44329. What is c(-6)?
13
Let g(f) = -f**3 + 30*f**2 - 53*f + 58. What is g(28)?
142
Let s(v) = -36*v - 275. Calculate s(-11).
121
Let p(l) = -59*l - 483. Determine p(-9).
48
Let n(c) = c**3 + 10*c**2 + 11*c - 30. Give n(-5).
40
Let w(h) = -12*h**3 - h**2 + 3*h - 2. Give w(1).
-12
Let w(i) = i**2 - 26*i - 1136. Calculate w(49).
-9
Let y(p) = 756*p + 1279. Determine y(-3).
-989
Let z(u) = -u**3 + 197*u - 569. Calculate z(3).
-5
Let i(x) = 11*x**2 + 2*x + 8. Determine i(4).
192
Let m(k) = -k**3 - 24*k**2 - 51*k - 40. What is m(-22)?
114
Let y(l) = -15*l**3 + 11*l**2 + 37*l + 7. What is y(-3)?
400
Let m(z) = -2*z**3 + 108*z**2 + 114*z - 187. Calculate m(55).
33
Let w(r) = -3*r**3 - 12*r**2 + 5*r + 1. What is w(-5)?
51
Let t(y) = 50*y**2 - 355*y + 2. Calculate t(7).
-33
Let j(a) = 982*a - 6877. What is j(7)?
-3
Let v(n) = 96*n + 11424. Calculate v(-119).
0
Let r(q) = q**2 + 79*q - 2734. What is r(26)?
-4
Let a(o) = o**3 + 11*o**2 + 67*o + 338. Calculate a(-8).
-6
Let n(o) = -198*o**2 - 18610*o + 178. Calculate n(-94).
-10
Let c(l) = l**3 - 13*l**2 + 30*l - 50. Give c(11).
38
Let b(r) = 10*r - 3. Determine b(-3).
-33
Let w(s) = s**2 - 790*s + 131690. Give w(239).
1
Let a(i) = -84*i - 16. Determine a(0).
-16
Let d(k) = k**3 + 3*k**2 + 17*k + 28. Calculate d(-2).
-2
Let a(v) = 15*v**3 - 3*v**2 - 4*v - 2. Calculate a(-1).
-16
Let s(b) = 787*b - 13388. Give s(17).
-9
Let d(n) = -8*n**2 + 6*n - 2. Give d(2).
-22
Let t(d) = 4*d**3 - 2*d**2 + 12*d + 13. Give t(3).
139
Let b(u) = 15*u + 85. Give b(-8).
-35
Let x(f) = -31*f - 2983. What is x(-102)?
179
Let d(z) = -5*z**2 - 54*z - 15. Give d(-11).
-26
Let b(a) = 138*a + 30229. Determine b(-219).
7
Let i(y) = -812*y + 11375. Calculate i(14).
7
Let s(i) = -i**3 - 21*i**2 + 43*i - 73. Give s(-23).
-4
Let x(a) = -3*a**3 - 3*a**2 + 38*a + 156. Determine x(-4).
148
Let h(n) = 122*n - 830. Calculate h(6).
-98
Let y(s) = -2*s**3 + 222*s**2 - 162*s - 6388. Give y(110).
-8
Let c(p) = p**3 + 5*p**2 + 85*p + 417. What is c(-5)?
-8
Let c(q) = -20*q**3 - 243*q**2 - 39*q - 30. Calculate c(-12).
6
Let t(v) = -311*v + 2798. Determine t(9).
-1
Let o(s) = 3*s**3 + 169*s**2 + 219*s - 44. What is o(-55)?
11
Let p(u) = -26*u**2 + 2. Determine p(-2).
-102
Let c(h) = -h**2 - 4*h + 195. Give c(11).
30
Let w(r) = 2*r**3 - 16*r**2 + 12*r + 11. Determine w(6).
-61
Let k(j) = 35*j**2 + 281*j - 11. Give k(-8).
-19
Let u(l) = -225*l**2 + 1119*l + 10. Give u(5).
-20
Let n(f) = -13*f**2 + 491*f + 1723. Give n(41).
1
Let a(m) = -m**3 - 48*m**2 + 286*m + 11610. Calculate a(-49).
-3
Let f(u) = -2*u**2 - 154*u - 586. Determine f(-4).
-2
Let c(h) = -9*h**2 + 2*h + 28. Give c(-5).
-207
Let c(d) = -84*d + 582. Calculate c(7).
-6
Let u(g) = -g**2 + 84*g - 1930. What is u(39)?
-175
Let t(i) = i**3 + i**2 + 8*i - 28. What is t(-6)?
-256
Let g(m) = m**3 + 7*m**2 + m + 47. What is g(-6)?
77
Let g(t) = 2*t**2 - 33*t - 245. Calculate g(22).
-3
Let w(n) = 2*n**3 + 26*n**2 - 280*n. Determine w(-20).
0
Let z(h) = 3*h**2 + 210*h + 54. What is z(-69)?
-153
Let w(k) = 640*k + 2558. Give w(-4).
-2
Let z(h) = -3*h**3 + 194*h**2 - 153*h + 1597. Determine z(64).
-3
Let s(h) = -3*h**3 - 394*h**2 - 519*h + 138. Calculate s(-130).
8
Let o(z) = 2*z - 7. Give o(-8).
-23
Let q(l) = 33*l - 887. Give q(25).
-62
Let t(h) = -6*h + 188. Determine t(54).
-136
Let d(o) = -2*o**3 + 145*o**2 + 73*o - 1. Determine d(73).
-1
Let l(u) = u**3 + 18*u**2 - 84*u + 90. Determine l(-22).
2
Let x(m) = m**3 - 30*m**2 + 25*m - 748. Determine x(30).
2
Let u(o) = 8*o**3 + 3*o**2 - 2. Calculate u(-2).
-54
Let f(d) = 3*d**2 - 2*d - 4718. Calculate f(-39).
-77
Let y(a) = -10*a**3 + 6*a**2 - 7*a - 1. Determine y(2).
-71
Let b(z) = -z**2 + 67*z - 900. Determine b(19).
12
Let z(s) = 4*s**2 - 146*s - 18123. Give z(88).
5
Let m(o) = o**2 - 60*o - 14. Give m(62).
110
Let y(h) = 2569*h - 5178. Determine y(2).
-40
Let x(k) = 16*k - 316. Calculate x(24).
68
Let c(v) = 2*v**2 - 116*v + 505. Determine c(5).
-25
Let k(l) = -l**3 + 19*l**2 + 11*l + 169. Determine k(20).
-11
Let x(l) = -3*l**2 - 30*l + 217. Determine x(-12).
145
Let k(w) = 2655*w - 7966. Determine k(3).
-1
Let t(i) = -i**2 - 22*i + 51. What is t(-10)?
171
Let y(z) = 2*z**3 + 15*z**2 + 6*z + 16. What is y(-8)?
-96
Let l(g) = -2*g**2 + 61*g - 4. Calculate l(0).
-4
Let q(u) = -3*u**2 - 75*u + 93. Determine q(-27).
-69
Let u(a) = -4*a**2 + 31*a - 5. Calculate u(0).
-5
Let h(l) = -l**2 - 65*l - 413. Give h(-7).
-7
Let w(h) = h**2 + 10*h - 141. Calculate w(11).
90
Let b(i) = 7*i**2 + 860*i - 126. Calculate b(-123).
-3
Let b(x) = x**2 + 2*x - 84. Calculate b(0).
-84
Let b(a) = -a**3 + 17*a**2 + 392*a - 53. Give b(30).
7
Let n(c) = -